{"id":520,"date":"2024-06-26T15:30:16","date_gmt":"2024-06-26T13:30:16","guid":{"rendered":"https:\/\/lespaniersdecha.fr\/?page_id=520"},"modified":"2024-07-17T15:52:04","modified_gmt":"2024-07-17T13:52:04","slug":"politique-en-matiere-de-cookies","status":"publish","type":"page","link":"https:\/\/lespaniersdecha.fr\/index.php\/politique-en-matiere-de-cookies\/","title":{"rendered":"Politique en mati\u00e8re de cookies"},"content":{"rendered":"\t\t<div data-elementor-type=\"wp-page\" data-elementor-id=\"520\" class=\"elementor elementor-520\" data-elementor-post-type=\"page\">\n\t\t\t\t<div class=\"elementor-element elementor-element-e2f7409 e-flex e-con-boxed e-con e-parent\" data-id=\"e2f7409\" data-element_type=\"container\">\n\t\t\t\t\t<div class=\"e-con-inner\">\n\t\t\t\t<div class=\"elementor-element elementor-element-ff299bb elementor-widget elementor-widget-heading\" data-id=\"ff299bb\" data-element_type=\"widget\" data-widget_type=\"heading.default\">\n\t\t\t\t<div class=\"elementor-widget-container\">\n\t\t\t<style>\/*! elementor - v3.22.0 - 17-06-2024 *\/\n.elementor-heading-title{padding:0;margin:0;line-height:1}.elementor-widget-heading .elementor-heading-title[class*=elementor-size-]>a{color:inherit;font-size:inherit;line-height:inherit}.elementor-widget-heading .elementor-heading-title.elementor-size-small{font-size:15px}.elementor-widget-heading .elementor-heading-title.elementor-size-medium{font-size:19px}.elementor-widget-heading .elementor-heading-title.elementor-size-large{font-size:29px}.elementor-widget-heading .elementor-heading-title.elementor-size-xl{font-size:39px}.elementor-widget-heading .elementor-heading-title.elementor-size-xxl{font-size:59px}<\/style><h2 class=\"elementor-heading-title elementor-size-default\">Politique en mati\u00e8re <br><b>de cookies<\/b><\/h2>\t\t<\/div>\n\t\t\t\t<\/div>\n\t\t\t\t\t<\/div>\n\t\t\t\t<\/div>\n\t\t<div class=\"elementor-element elementor-element-3b99948 e-flex e-con-boxed e-con e-parent\" data-id=\"3b99948\" data-element_type=\"container\">\n\t\t\t\t\t<div class=\"e-con-inner\">\n\t\t\t\t<div class=\"elementor-element elementor-element-2f9fd17 elementor-widget elementor-widget-text-editor\" data-id=\"2f9fd17\" data-element_type=\"widget\" data-widget_type=\"text-editor.default\">\n\t\t\t\t<div class=\"elementor-widget-container\">\n\t\t\t<style>\/*! elementor - v3.22.0 - 17-06-2024 *\/\n.elementor-widget-text-editor.elementor-drop-cap-view-stacked .elementor-drop-cap{background-color:#69727d;color:#fff}.elementor-widget-text-editor.elementor-drop-cap-view-framed .elementor-drop-cap{color:#69727d;border:3px solid;background-color:transparent}.elementor-widget-text-editor:not(.elementor-drop-cap-view-default) .elementor-drop-cap{margin-top:8px}.elementor-widget-text-editor:not(.elementor-drop-cap-view-default) .elementor-drop-cap-letter{width:1em;height:1em}.elementor-widget-text-editor .elementor-drop-cap{float:left;text-align:center;line-height:1;font-size:50px}.elementor-widget-text-editor .elementor-drop-cap-letter{display:inline-block}<\/style>\t\t\t\t<p><b>Politique de Cookies<\/b><\/p><p>Notre site web http:\/\/lespaniersdecha.fr utilise des cookies pour am\u00e9liorer votre exp\u00e9rience de navigation et pour assurer le bon fonctionnement de nos services. En acc\u00e9dant \u00e0 notre site web, vous consentez \u00e0 l&rsquo;utilisation de cookies conform\u00e9ment \u00e0 la pr\u00e9sente politique.<\/p><p><b>Qu&rsquo;est-ce qu&rsquo;un cookie ?<\/b><\/p><p>Un cookie est un petit fichier texte qui est stock\u00e9 sur votre ordinateur ou votre appareil mobile lorsque vous visitez un site web. Il permet au site web de se souvenir de vos actions et pr\u00e9f\u00e9rences (telles que la connexion, la langue, la taille de la police et d&rsquo;autres pr\u00e9f\u00e9rences d&rsquo;affichage) sur une p\u00e9riode donn\u00e9e, afin que vous n&rsquo;ayez pas \u00e0 les saisir \u00e0 chaque fois que vous revenez sur le site ou que vous naviguez d&rsquo;une page \u00e0 une autre.<\/p><p><b>Comment utilisons-nous les cookies ?<\/b><\/p><p>Nous utilisons des cookies pour :<\/p><ul><li>Comprendre et sauvegarder vos pr\u00e9f\u00e9rences pour vos futures visites.<\/li><li>Suivre et analyser l&rsquo;utilisation et les performances de notre site web.<\/li><li>M\u00e9moriser vos choix publicitaires.<\/li><li>Fonctionnalit\u00e9s tierces : Utilisation de cookies tiers pour des fonctionnalit\u00e9s telles que les boutons de partage sur les r\u00e9seaux sociaux.<\/li><\/ul><p><b>Les types de cookies utilis\u00e9s incluent :<\/b><\/p><ul><li>Cookies strictement n\u00e9cessaires : Essentiels pour la navigation et l&rsquo;utilisation des fonctionnalit\u00e9s du site.<\/li><li>Cookies de pr\u00e9f\u00e9rences : Permettent de se souvenir de vos choix ant\u00e9rieurs.<\/li><li>Cookies de statistiques : Collectent des informations sur l&rsquo;utilisation du site de mani\u00e8re anonyme.<\/li><li>Cookies de marketing : Suivent votre activit\u00e9 en ligne pour vous fournir des publicit\u00e9s pertinentes.<\/li><\/ul><p><b>Contr\u00f4le des cookies<\/b><\/p><p>Vous pouvez contr\u00f4ler et g\u00e9rer les cookies \u00e0 tout moment en modifiant les param\u00e8tres de votre navigateur. Vous pouvez configurer votre navigateur pour qu&rsquo;il refuse tous les cookies ou pour qu&rsquo;il vous avertisse lorsque des cookies sont envoy\u00e9s. Veuillez noter que la d\u00e9sactivation des cookies peut affecter certaines fonctionnalit\u00e9s et la convivialit\u00e9 de notre site web.<\/p><p><i>Pour en savoir plus sur la gestion des cookies, visitez aboutcookies.org ou allaboutcookies.org\/fr.<\/i><\/p><p><b>Modification de la politique de cookies<\/b><\/p><p>Nous nous r\u00e9servons le droit de modifier cette politique de cookies \u00e0 tout moment. Toute modification prendra effet imm\u00e9diatement apr\u00e8s sa publication sur notre site web. Nous vous encourageons \u00e0 consulter r\u00e9guli\u00e8rement cette page pour rester inform\u00e9 des mises \u00e0 jour et des changements apport\u00e9s \u00e0 notre politique de cookies.<\/p><p><b>Informations suppl\u00e9mentaires<\/b><\/p><p>Pour refuser et emp\u00eacher que vos donn\u00e9es soient utilis\u00e9es par Google Analytics sur tous les sites Web, consultez les instructions suivantes : Google Analytics Opt-out.<\/p><p><i>En utilisant notre site web, vous consentez \u00e0 notre politique de cookies et \u00e0 l&rsquo;utilisation de cookies conform\u00e9ment aux termes \u00e9nonc\u00e9s dans cette politique. Si vous avez des questions ou des pr\u00e9occupations concernant notre politique de cookies, n&rsquo;h\u00e9sitez pas \u00e0 nous contacter via notre formulaire de contact.<\/i><\/p><p><b><i>Veuillez noter que la suppression de nos cookies ou la d\u00e9sactivation de futurs cookies ou technologies de suivi pourront vous emp\u00eacher d&rsquo;acc\u00e9der \u00e0 certaines zones ou fonctionnalit\u00e9s de nos services, ou pourront autrement affecter n\u00e9gativement votre exp\u00e9rience d&rsquo;utilisateur.<\/i><\/b><\/p>\t\t\t\t\t\t<\/div>\n\t\t\t\t<\/div>\n\t\t\t\t\t<\/div>\n\t\t\t\t<\/div>\n\t\t\t\t<\/div>\n\t\t","protected":false},"excerpt":{"rendered":"<p>Politique en mati\u00e8re de cookies Politique de Cookies Notre site web http:\/\/lespaniersdecha.fr utilise des cookies pour am\u00e9liorer votre exp\u00e9rience de navigation et pour assurer le bon fonctionnement de nos services. En acc\u00e9dant \u00e0 notre site web, vous consentez \u00e0 l&rsquo;utilisation de cookies conform\u00e9ment \u00e0 la pr\u00e9sente politique. Qu&rsquo;est-ce qu&rsquo;un cookie ? Un cookie est un [&hellip;]<\/p>\n","protected":false},"author":1,"featured_media":0,"parent":0,"menu_order":0,"comment_status":"closed","ping_status":"closed","template":"","meta":{"site-sidebar-layout":"no-sidebar","site-content-layout":"","ast-site-content-layout":"full-width-container","site-content-style":"default","site-sidebar-style":"default","ast-global-header-display":"","ast-banner-title-visibility":"","ast-main-header-display":"","ast-hfb-above-header-display":"","ast-hfb-below-header-display":"","ast-hfb-mobile-header-display":"","site-post-title":"disabled","ast-breadcrumbs-content":"","ast-featured-img":"disabled","footer-sml-layout":"","theme-transparent-header-meta":"","adv-header-id-meta":"","stick-header-meta":"","header-above-stick-meta":"","header-main-stick-meta":"","header-below-stick-meta":"","astra-migrate-meta-layouts":"default","ast-page-background-enabled":"default","ast-page-background-meta":{"desktop":{"background-color":"var(--ast-global-color-4)","background-image":"","background-repeat":"repeat","background-position":"center center","background-size":"auto","background-attachment":"scroll","background-type":"","background-media":"","overlay-type":"","overlay-color":"","overlay-opacity":"","overlay-gradient":""},"tablet":{"background-color":"","background-image":"","background-repeat":"repeat","background-position":"center center","background-size":"auto","background-attachment":"scroll","background-type":"","background-media":"","overlay-type":"","overlay-color":"","overlay-opacity":"","overlay-gradient":""},"mobile":{"background-color":"","background-image":"","background-repeat":"repeat","background-position":"center center","background-size":"auto","background-attachment":"scroll","background-type":"","background-media":"","overlay-type":"","overlay-color":"","overlay-opacity":"","overlay-gradient":""}},"ast-content-background-meta":{"desktop":{"background-color":"var(--ast-global-color-5)","background-image":"","background-repeat":"repeat","background-position":"center center","background-size":"auto","background-attachment":"scroll","background-type":"","background-media":"","overlay-type":"","overlay-color":"","overlay-opacity":"","overlay-gradient":""},"tablet":{"background-color":"var(--ast-global-color-5)","background-image":"","background-repeat":"repeat","background-position":"center center","background-size":"auto","background-attachment":"scroll","background-type":"","background-media":"","overlay-type":"","overlay-color":"","overlay-opacity":"","overlay-gradient":""},"mobile":{"background-color":"var(--ast-global-color-5)","background-image":"","background-repeat":"repeat","background-position":"center center","background-size":"auto","background-attachment":"scroll","background-type":"","background-media":"","overlay-type":"","overlay-color":"","overlay-opacity":"","overlay-gradient":""}},"footnotes":""},"class_list":["post-520","page","type-page","status-publish","hentry"],"yoast_head":"<!-- This site is optimized with the Yoast SEO plugin v23.3 - https:\/\/yoast.com\/wordpress\/plugins\/seo\/ -->\n<title>Politique en mati\u00e8re de cookies - Les Paniers de Cha<\/title>\n<meta name=\"robots\" content=\"index, follow, max-snippet:-1, max-image-preview:large, max-video-preview:-1\" \/>\n<link rel=\"canonical\" href=\"https:\/\/lespaniersdecha.fr\/index.php\/politique-en-matiere-de-cookies\/\" \/>\n<meta property=\"og:locale\" content=\"fr_FR\" \/>\n<meta property=\"og:type\" content=\"article\" \/>\n<meta property=\"og:title\" content=\"Politique en mati\u00e8re de cookies - Les Paniers de Cha\" \/>\n<meta property=\"og:description\" content=\"Politique en mati\u00e8re de cookies Politique de Cookies Notre site web http:\/\/lespaniersdecha.fr utilise des cookies pour am\u00e9liorer votre exp\u00e9rience de navigation et pour assurer le bon fonctionnement de nos services. En acc\u00e9dant \u00e0 notre site web, vous consentez \u00e0 l&rsquo;utilisation de cookies conform\u00e9ment \u00e0 la pr\u00e9sente politique. Qu&rsquo;est-ce qu&rsquo;un cookie ? Un cookie est un [&hellip;]\" \/>\n<meta property=\"og:url\" content=\"https:\/\/lespaniersdecha.fr\/index.php\/politique-en-matiere-de-cookies\/\" \/>\n<meta property=\"og:site_name\" content=\"Les Paniers de Cha\" \/>\n<meta property=\"article:publisher\" content=\"https:\/\/www.facebook.com\/p\/Les-Paniers-de-Cha-100063830760896\/\" \/>\n<meta property=\"article:modified_time\" content=\"2024-07-17T13:52:04+00:00\" \/>\n<meta name=\"twitter:card\" content=\"summary_large_image\" \/>\n<meta name=\"twitter:label1\" content=\"Dur\u00e9e de lecture estim\u00e9e\" \/>\n\t<meta name=\"twitter:data1\" content=\"3 minutes\" \/>\n<script type=\"application\/ld+json\" class=\"yoast-schema-graph\">{\"@context\":\"https:\/\/schema.org\",\"@graph\":[{\"@type\":\"WebPage\",\"@id\":\"https:\/\/lespaniersdecha.fr\/index.php\/politique-en-matiere-de-cookies\/\",\"url\":\"https:\/\/lespaniersdecha.fr\/index.php\/politique-en-matiere-de-cookies\/\",\"name\":\"Politique en mati\u00e8re de cookies - Les Paniers de Cha\",\"isPartOf\":{\"@id\":\"https:\/\/lespaniersdecha.fr\/#website\"},\"datePublished\":\"2024-06-26T13:30:16+00:00\",\"dateModified\":\"2024-07-17T13:52:04+00:00\",\"breadcrumb\":{\"@id\":\"https:\/\/lespaniersdecha.fr\/index.php\/politique-en-matiere-de-cookies\/#breadcrumb\"},\"inLanguage\":\"fr-FR\",\"potentialAction\":[{\"@type\":\"ReadAction\",\"target\":[\"https:\/\/lespaniersdecha.fr\/index.php\/politique-en-matiere-de-cookies\/\"]}]},{\"@type\":\"BreadcrumbList\",\"@id\":\"https:\/\/lespaniersdecha.fr\/index.php\/politique-en-matiere-de-cookies\/#breadcrumb\",\"itemListElement\":[{\"@type\":\"ListItem\",\"position\":1,\"name\":\"Accueil\",\"item\":\"https:\/\/lespaniersdecha.fr\/\"},{\"@type\":\"ListItem\",\"position\":2,\"name\":\"Politique en mati\u00e8re de cookies\"}]},{\"@type\":\"WebSite\",\"@id\":\"https:\/\/lespaniersdecha.fr\/#website\",\"url\":\"https:\/\/lespaniersdecha.fr\/\",\"name\":\"Les Paniers de Cha\",\"description\":\"Les Paniers de Cha - vannerie artisanale, traditionnelle et contemporaine, stage et ateliers\",\"potentialAction\":[{\"@type\":\"SearchAction\",\"target\":{\"@type\":\"EntryPoint\",\"urlTemplate\":\"https:\/\/lespaniersdecha.fr\/?s={search_term_string}\"},\"query-input\":\"required name=search_term_string\"}],\"inLanguage\":\"fr-FR\"}]}<\/script>\n<!-- \/ Yoast SEO plugin. -->","yoast_head_json":{"title":"Politique en mati\u00e8re de cookies - Les Paniers de Cha","robots":{"index":"index","follow":"follow","max-snippet":"max-snippet:-1","max-image-preview":"max-image-preview:large","max-video-preview":"max-video-preview:-1"},"canonical":"https:\/\/lespaniersdecha.fr\/index.php\/politique-en-matiere-de-cookies\/","og_locale":"fr_FR","og_type":"article","og_title":"Politique en mati\u00e8re de cookies - Les Paniers de Cha","og_description":"Politique en mati\u00e8re de cookies Politique de Cookies Notre site web http:\/\/lespaniersdecha.fr utilise des cookies pour am\u00e9liorer votre exp\u00e9rience de navigation et pour assurer le bon fonctionnement de nos services. En acc\u00e9dant \u00e0 notre site web, vous consentez \u00e0 l&rsquo;utilisation de cookies conform\u00e9ment \u00e0 la pr\u00e9sente politique. Qu&rsquo;est-ce qu&rsquo;un cookie ? Un cookie est un [&hellip;]","og_url":"https:\/\/lespaniersdecha.fr\/index.php\/politique-en-matiere-de-cookies\/","og_site_name":"Les Paniers de Cha","article_publisher":"https:\/\/www.facebook.com\/p\/Les-Paniers-de-Cha-100063830760896\/","article_modified_time":"2024-07-17T13:52:04+00:00","twitter_card":"summary_large_image","twitter_misc":{"Dur\u00e9e de lecture estim\u00e9e":"3 minutes"},"schema":{"@context":"https:\/\/schema.org","@graph":[{"@type":"WebPage","@id":"https:\/\/lespaniersdecha.fr\/index.php\/politique-en-matiere-de-cookies\/","url":"https:\/\/lespaniersdecha.fr\/index.php\/politique-en-matiere-de-cookies\/","name":"Politique en mati\u00e8re de cookies - Les Paniers de Cha","isPartOf":{"@id":"https:\/\/lespaniersdecha.fr\/#website"},"datePublished":"2024-06-26T13:30:16+00:00","dateModified":"2024-07-17T13:52:04+00:00","breadcrumb":{"@id":"https:\/\/lespaniersdecha.fr\/index.php\/politique-en-matiere-de-cookies\/#breadcrumb"},"inLanguage":"fr-FR","potentialAction":[{"@type":"ReadAction","target":["https:\/\/lespaniersdecha.fr\/index.php\/politique-en-matiere-de-cookies\/"]}]},{"@type":"BreadcrumbList","@id":"https:\/\/lespaniersdecha.fr\/index.php\/politique-en-matiere-de-cookies\/#breadcrumb","itemListElement":[{"@type":"ListItem","position":1,"name":"Accueil","item":"https:\/\/lespaniersdecha.fr\/"},{"@type":"ListItem","position":2,"name":"Politique en mati\u00e8re de cookies"}]},{"@type":"WebSite","@id":"https:\/\/lespaniersdecha.fr\/#website","url":"https:\/\/lespaniersdecha.fr\/","name":"Les Paniers de Cha","description":"Les Paniers de Cha - vannerie artisanale, traditionnelle et contemporaine, stage et ateliers","potentialAction":[{"@type":"SearchAction","target":{"@type":"EntryPoint","urlTemplate":"https:\/\/lespaniersdecha.fr\/?s={search_term_string}"},"query-input":"required name=search_term_string"}],"inLanguage":"fr-FR"}]}},"jetpack_sharing_enabled":true,"_links":{"self":[{"href":"https:\/\/lespaniersdecha.fr\/index.php\/wp-json\/wp\/v2\/pages\/520","targetHints":{"allow":["GET"]}}],"collection":[{"href":"https:\/\/lespaniersdecha.fr\/index.php\/wp-json\/wp\/v2\/pages"}],"about":[{"href":"https:\/\/lespaniersdecha.fr\/index.php\/wp-json\/wp\/v2\/types\/page"}],"author":[{"embeddable":true,"href":"https:\/\/lespaniersdecha.fr\/index.php\/wp-json\/wp\/v2\/users\/1"}],"replies":[{"embeddable":true,"href":"https:\/\/lespaniersdecha.fr\/index.php\/wp-json\/wp\/v2\/comments?post=520"}],"version-history":[{"count":16,"href":"https:\/\/lespaniersdecha.fr\/index.php\/wp-json\/wp\/v2\/pages\/520\/revisions"}],"predecessor-version":[{"id":2324,"href":"https:\/\/lespaniersdecha.fr\/index.php\/wp-json\/wp\/v2\/pages\/520\/revisions\/2324"}],"wp:attachment":[{"href":"https:\/\/lespaniersdecha.fr\/index.php\/wp-json\/wp\/v2\/media?parent=520"}],"curies":[{"name":"wp","href":"https:\/\/api.w.org\/{rel}","templated":true}]}}